{"id":3661,"date":"2020-12-11T16:34:07","date_gmt":"2020-12-11T16:34:07","guid":{"rendered":"http:\/\/dogsofklaipeda.com\/?post_type=product&#038;p=3661"},"modified":"2025-03-16T07:51:31","modified_gmt":"2025-03-16T07:51:31","slug":"apsauginis-balzamas-sunu-pedutems-30-ml","status":"publish","type":"product","link":"https:\/\/dogsofklaipeda.com\/index.php\/product\/apsauginis-balzamas-sunu-pedutems-30-ml\/","title":{"rendered":"Apsauginis p\u0117dut\u0117ms"},"content":{"rendered":"<p><strong>Apsauginis balzamas \u0161un\u0173 p\u0117dut\u0117ms 30 ml<\/strong><\/p>\n<p><strong>Geriausias geriausiems!<\/strong>\u00a0Apgaubkite savo mylimiausio augintinio p\u0117dutes nematoma, ta\u010diau veiksminga apsauga: aliejai lengvai susigers \u012f od\u0105, padengdami p\u0117dut\u0119 apsaugine pl\u0117vele!<\/p>\n<p><strong>Sud\u0117tis<\/strong>: Nat\u016bral\u016bs nerafinuoti kokos\u0173, sezam\u0173, migdol\u0173 aliejai, bi\u010di\u0173 va\u0161kas, levand\u0173 eterinis aliejus, vitaminas E.<\/p>\n<p><strong>Nauda :\u00a0<\/strong>Itin veiksmingai\u00a0<strong>saugo<\/strong>\u00a0\u0161uniuko p\u0117dutes nuo kenksming\u0173 \u012f\u0161or\u0117s veiksni\u0173: \u0161al\u010dio, drusk\u0173, taip pat ir nuo kar\u0161\u010dio ir sauso oro. Nat\u016bral\u016bs aliejai<strong>\u00a0maitina ir sumink\u0161tina od\u0105<\/strong>\u00a0, o bi\u010di\u0173 va\u0161kas\u00a0<strong>sukuria apsaugin\u0119 pl\u0117vel\u0119.<\/strong><\/p>\n<p><strong>Naudojimas<\/strong>: Gr\u012f\u017eus po pasivaik\u0161\u010diojimo kruop\u0161\u010diai nusausinti p\u0117dutes , nuvalyti susikaupusio purvo liku\u010dius ir patepti balzamu.<\/p>\n","protected":false},"excerpt":{"rendered":"<p>Apsauginis balzamas \u0161un\u0173 p\u0117dut\u0117ms 30 ml Geriausias geriausiems!\u00a0Apgaubkite savo mylimiausio augintinio p\u0117dutes nematoma, ta\u010diau veiksminga apsauga: aliejai lengvai susigers \u012f&hellip;<\/p>\n","protected":false},"featured_media":3663,"comment_status":"open","ping_status":"closed","template":"","meta":[],"pwb-brand":[127],"product_cat":[16,139],"product_tag":[],"class_list":{"0":"post-3661","1":"product","2":"type-product","3":"status-publish","4":"has-post-thumbnail","6":"pwb-brand-biocos-academy","7":"product_cat-prieziuros-priemones","8":"product_cat-prieziuros-priemones-biocos","9":"tm-no-options","11":"first","12":"outofstock","13":"purchasable","14":"product-type-simple"},"brands":[{"id":127,"name":"Biocos academy","slug":"biocos-academy"}],"_links":{"self":[{"href":"https:\/\/dogsofklaipeda.com\/index.php\/wp-json\/wp\/v2\/product\/3661","targetHints":{"allow":["GET"]}}],"collection":[{"href":"https:\/\/dogsofklaipeda.com\/index.php\/wp-json\/wp\/v2\/product"}],"about":[{"href":"https:\/\/dogsofklaipeda.com\/index.php\/wp-json\/wp\/v2\/types\/product"}],"replies":[{"embeddable":true,"href":"https:\/\/dogsofklaipeda.com\/index.php\/wp-json\/wp\/v2\/comments?post=3661"}],"wp:featuredmedia":[{"embeddable":true,"href":"https:\/\/dogsofklaipeda.com\/index.php\/wp-json\/wp\/v2\/media\/3663"}],"wp:attachment":[{"href":"https:\/\/dogsofklaipeda.com\/index.php\/wp-json\/wp\/v2\/media?parent=3661"}],"wp:term":[{"taxonomy":"pwb-brand","embeddable":true,"href":"https:\/\/dogsofklaipeda.com\/index.php\/wp-json\/wp\/v2\/pwb-brand?post=3661"},{"taxonomy":"product_cat","embeddable":true,"href":"https:\/\/dogsofklaipeda.com\/index.php\/wp-json\/wp\/v2\/product_cat?post=3661"},{"taxonomy":"product_tag","embeddable":true,"href":"https:\/\/dogsofklaipeda.com\/index.php\/wp-json\/wp\/v2\/product_tag?post=3661"}],"curies":[{"name":"wp","href":"https:\/\/api.w.org\/{rel}","templated":true}]}}