{"id":4360,"date":"2022-08-26T13:23:09","date_gmt":"2022-08-26T13:23:09","guid":{"rendered":"https:\/\/dogsofklaipeda.com\/?post_type=product&#038;p=4360"},"modified":"2025-05-03T07:09:36","modified_gmt":"2025-05-03T07:09:36","slug":"apsauginis-aromaterapinis-purskalas-sunims-100ml","status":"publish","type":"product","link":"https:\/\/dogsofklaipeda.com\/index.php\/product\/apsauginis-aromaterapinis-purskalas-sunims-100ml\/","title":{"rendered":"Apsauginis aromaterapinis pur\u0161kalas \u0161unims (100ml)"},"content":{"rendered":"<p>Viskam pasiruo\u0161\u0119s! Kad ir kur benuklyst\u0173 j\u016bs\u0173 augintinis, tegul b\u016bna apsaugotas! Nuostabiai subalansuotas pur\u0161kalas odos puosel\u0117jimui ir vabzd\u017ei\u0173 atbaidymui.<\/p>\n<div><b>\u00a0<\/b><\/div>\n<div><b>AKTYV\u016aS INGREDIENTAI<\/b>:<\/div>\n<ul>\n<li><strong>Nimbamed\u017eio aliejuje<\/strong>\u00a0yra gausu riebi\u0173j\u0173, amino r\u016bg\u0161\u010di\u0173, vitamino E, tod\u0117l jis naudingas norint atstatyti odos dr\u0117gm\u0117s balans\u0105, dezinfekuoti ir regeneruoti od\u0105.<\/li>\n<li><strong>Tikrieji alavijai<\/strong>\u00a0pasi\u017eymi intensyviai dr\u0117kinan\u010diomis, sudirgusi\u0105, pa\u017eeist\u0105, nie\u017etin\u010di\u0105 od\u0105 raminan\u010diomis savyb\u0117mis.<\/li>\n<li><strong>Citrin\u017eoli\u0173, citronel\u0173, levand\u0173, atlasini\u0173 kedr\u0173, citrinkvapi\u0173 eukalipt\u0173 eteriniai aliejai<\/strong>\u00a0padeda apsaugoti gyv\u016bn\u0105 nuo nepageidaujam\u0173 vabzd\u017ei\u0173 \u2013 uod\u0173, erki\u0173 &#8211; gamtoje.<\/li>\n<\/ul>\n<p><b>NAUDOJIMAS<\/b>: purk\u0161kite gyv\u016bno kail\u012f esant pleiskanojimui, sudirgusiai odai. Taip pat naudokite pur\u0161kal\u0105 prie\u0161 kiekvien\u0105 i\u0161\u0117jim\u0105 \u012f gamt\u0105 arba bet kada, kai norite apsaugoti gyv\u016bn\u0105 nuo uod\u0173, erki\u0173, blus\u0173 &#8211; gerai supurk\u0161kite gyv\u016bno kail\u012f.<\/p>\n<div>100 %\u00a0 nat\u016bralios sud\u0117ties\u00a0 pur\u0161kalas saugus naudoti vis\u0173 am\u017eiaus grupi\u0173 \u0161unims.<\/div>\n<div><\/div>\n<div><b>SAUGUMO PRIEMON\u0116<\/b>: saugoti gyv\u016bno akis.<\/div>\n","protected":false},"excerpt":{"rendered":"<p>Viskam pasiruo\u0161\u0119s! Kad ir kur benuklyst\u0173 j\u016bs\u0173 augintinis, tegul b\u016bna apsaugotas! Nuostabiai subalansuotas pur\u0161kalas odos puosel\u0117jimui ir vabzd\u017ei\u0173 atbaidymui. \u00a0&hellip;<\/p>\n","protected":false},"featured_media":4452,"comment_status":"open","ping_status":"closed","template":"","meta":[],"pwb-brand":[127],"product_cat":[16,139],"product_tag":[],"class_list":{"0":"post-4360","1":"product","2":"type-product","3":"status-publish","4":"has-post-thumbnail","6":"pwb-brand-biocos-academy","7":"product_cat-prieziuros-priemones","8":"product_cat-prieziuros-priemones-biocos","9":"tm-no-options","11":"first","12":"instock","13":"purchasable","14":"product-type-simple"},"brands":[{"id":127,"name":"Biocos academy","slug":"biocos-academy"}],"_links":{"self":[{"href":"https:\/\/dogsofklaipeda.com\/index.php\/wp-json\/wp\/v2\/product\/4360","targetHints":{"allow":["GET"]}}],"collection":[{"href":"https:\/\/dogsofklaipeda.com\/index.php\/wp-json\/wp\/v2\/product"}],"about":[{"href":"https:\/\/dogsofklaipeda.com\/index.php\/wp-json\/wp\/v2\/types\/product"}],"replies":[{"embeddable":true,"href":"https:\/\/dogsofklaipeda.com\/index.php\/wp-json\/wp\/v2\/comments?post=4360"}],"wp:featuredmedia":[{"embeddable":true,"href":"https:\/\/dogsofklaipeda.com\/index.php\/wp-json\/wp\/v2\/media\/4452"}],"wp:attachment":[{"href":"https:\/\/dogsofklaipeda.com\/index.php\/wp-json\/wp\/v2\/media?parent=4360"}],"wp:term":[{"taxonomy":"pwb-brand","embeddable":true,"href":"https:\/\/dogsofklaipeda.com\/index.php\/wp-json\/wp\/v2\/pwb-brand?post=4360"},{"taxonomy":"product_cat","embeddable":true,"href":"https:\/\/dogsofklaipeda.com\/index.php\/wp-json\/wp\/v2\/product_cat?post=4360"},{"taxonomy":"product_tag","embeddable":true,"href":"https:\/\/dogsofklaipeda.com\/index.php\/wp-json\/wp\/v2\/product_tag?post=4360"}],"curies":[{"name":"wp","href":"https:\/\/api.w.org\/{rel}","templated":true}]}}