{"id":6906,"date":"2023-03-24T10:00:09","date_gmt":"2023-03-24T10:00:09","guid":{"rendered":"https:\/\/dogsofklaipeda.com\/?post_type=product&#038;p=6906"},"modified":"2024-10-14T10:11:36","modified_gmt":"2024-10-14T10:11:36","slug":"skanestines-hepidogo","status":"publish","type":"product","link":"https:\/\/dogsofklaipeda.com\/index.php\/product\/skanestines-hepidogo\/","title":{"rendered":"Skan\u0117stin\u0117 Hepidogo"},"content":{"rendered":"<p><span class=\"x4k7w5x x1h91t0o x1h9r5lt xv2umb2 x1beo9mf xaigb6o x12ejxvf x3igimt xarpa2k xedcshv x1lytzrv x1t2pt76 x7ja8zs x1qrby5j x1jfb8zj\">Kaip atrodo \u0161uns \u0161eimininko ki\u0161en\u0117s? Visada ka\u017eko pilnos \u2013 tai mai\u0161eli\u0173, tai skan\u0117st\u0173, o jei nebepilnos, tai b\u016btinai prakvipusios skan\u0117stais ir pilnos trupinuk\u0173&#8230; Dar blogiau, jei t\u0173 ki\u0161eni\u0173 i\u0161vis n\u0117ra! Vis d\u0117lto \u0161ioms \u201eproblemoms\u201c yra ir stilingas bei labai patogus sprendimo b\u016bdas \u2013 skan\u0117stin\u0117s!<\/span><\/p>\n<p><span class=\"x4k7w5x x1h91t0o x1h9r5lt xv2umb2 x1beo9mf xaigb6o x12ejxvf x3igimt xarpa2k xedcshv x1lytzrv x1t2pt76 x7ja8zs x1qrby5j x1jfb8zj\">Ne per didel\u0117s, bet talpios, funkcionalios, bet ir gra\u017eios \u2013 tokios \u0161ios skan\u0117stin\u0117s. Pagamintos i\u0161 neper\u0161lampamos med\u017eiagos, taip pat lengvai nusisegan\u010dios nuo dir\u017eo, turin\u010dios laikikl\u012f \u017eaislui. Galima rinktis i\u0161 dviej\u0173 tip\u0173: \u012fprastos ir su plastiku dengtu vidumi. Pastarasis itin tiks tiems, kurie naudoja \u017eali\u0105 m\u0117s\u0105.<\/span><\/p>\n<p><span class=\"x4k7w5x x1h91t0o x1h9r5lt xv2umb2 x1beo9mf xaigb6o x12ejxvf x3igimt xarpa2k xedcshv x1lytzrv x1t2pt76 x7ja8zs x1qrby5j x1jfb8zj\">Skan\u0117stus i\u0161siimti nesunku \u2013 sagut\u0117s atsisega lengvai, tod\u0117l nereik\u0117s ilgai ie\u0161koti norint apdovanoti \u0161uniuk\u0105, o j\u016bs\u0173 ki\u0161en\u0117s ir v\u0117l pagaliau bus be trupinuk\u0173!<\/span><\/p>\n<p><em>Svarbu!<\/em><\/p>\n<ul>\n<li><u><u><strong><em>Visi Hepidogo produktai rank\u0173 darbo. Produktus gamina su r\u016bpes\u010diu ir meile, tad j\u0173 gamyba gali u\u017etrukti nuo 5 iki 15 d.d.<br \/>\n<\/em><\/strong><\/u><\/u><div style=\"width: 688px;\" class=\"wp-video\"><!--[if lt IE 9]><script>document.createElement('video');<\/script><![endif]-->\n<video class=\"wp-video-shortcode\" id=\"video-6906-1\" width=\"688\" height=\"1223\" preload=\"metadata\" controls=\"controls\"><source type=\"video\/mp4\" src=\"http:\/\/dogsofklaipeda.com\/wp-content\/uploads\/2023\/03\/Skanestine.mp4?_=1\" \/><a href=\"http:\/\/dogsofklaipeda.com\/wp-content\/uploads\/2023\/03\/Skanestine.mp4\">http:\/\/dogsofklaipeda.com\/wp-content\/uploads\/2023\/03\/Skanestine.mp4<\/a><\/video><\/div><\/p>\n<p><u><strong><em>\u00a0<\/em><\/strong><\/u><\/li>\n<\/ul>\n","protected":false},"excerpt":{"rendered":"<p>Kaip atrodo \u0161uns \u0161eimininko ki\u0161en\u0117s? Visada ka\u017eko pilnos \u2013 tai mai\u0161eli\u0173, tai skan\u0117st\u0173, o jei nebepilnos, tai b\u016btinai prakvipusios skan\u0117stais&hellip;<\/p>\n","protected":false},"featured_media":7445,"comment_status":"open","ping_status":"closed","template":"","meta":[],"pwb-brand":[188],"product_cat":[17,32,545],"product_tag":[],"class_list":{"0":"post-6906","1":"product","2":"type-product","3":"status-publish","4":"has-post-thumbnail","6":"pwb-brand-hepidogo","7":"product_cat-dresuros-reikmenys","8":"product_cat-aksesuarai","9":"product_cat-aksesuarai-hepidogo","10":"tm-has-options","12":"first","13":"onbackorder","14":"purchasable","15":"product-type-simple"},"brands":[{"id":188,"name":"Hepidogo","slug":"hepidogo"}],"_links":{"self":[{"href":"https:\/\/dogsofklaipeda.com\/index.php\/wp-json\/wp\/v2\/product\/6906","targetHints":{"allow":["GET"]}}],"collection":[{"href":"https:\/\/dogsofklaipeda.com\/index.php\/wp-json\/wp\/v2\/product"}],"about":[{"href":"https:\/\/dogsofklaipeda.com\/index.php\/wp-json\/wp\/v2\/types\/product"}],"replies":[{"embeddable":true,"href":"https:\/\/dogsofklaipeda.com\/index.php\/wp-json\/wp\/v2\/comments?post=6906"}],"wp:featuredmedia":[{"embeddable":true,"href":"https:\/\/dogsofklaipeda.com\/index.php\/wp-json\/wp\/v2\/media\/7445"}],"wp:attachment":[{"href":"https:\/\/dogsofklaipeda.com\/index.php\/wp-json\/wp\/v2\/media?parent=6906"}],"wp:term":[{"taxonomy":"pwb-brand","embeddable":true,"href":"https:\/\/dogsofklaipeda.com\/index.php\/wp-json\/wp\/v2\/pwb-brand?post=6906"},{"taxonomy":"product_cat","embeddable":true,"href":"https:\/\/dogsofklaipeda.com\/index.php\/wp-json\/wp\/v2\/product_cat?post=6906"},{"taxonomy":"product_tag","embeddable":true,"href":"https:\/\/dogsofklaipeda.com\/index.php\/wp-json\/wp\/v2\/product_tag?post=6906"}],"curies":[{"name":"wp","href":"https:\/\/api.w.org\/{rel}","templated":true}]}}