{"id":7214,"date":"2023-12-28T08:07:36","date_gmt":"2023-12-28T08:07:36","guid":{"rendered":"https:\/\/dogsofklaipeda.com\/?post_type=product&#038;p=7214"},"modified":"2025-08-12T06:09:16","modified_gmt":"2025-08-12T06:09:16","slug":"trumpas-zaislas-su-kailiuku","status":"publish","type":"product","link":"https:\/\/dogsofklaipeda.com\/index.php\/product\/trumpas-zaislas-su-kailiuku\/","title":{"rendered":"Trumpas \u017eaislas su kailiuku"},"content":{"rendered":"<p>Trumpas \u017eaislas su kailiuku puikiai tinka ne tik treniruot\u0117ms, bet ir netik\u0117tiems \u0161uns paskatinimams pasivaik\u0161\u010diojimo metu, nes puikiai telpa net ir nedidel\u0117je ki\u0161en\u0117je.<\/p>\n<ul>\n<li>Pastiprintas kailiukas;<\/li>\n<li>Kailiuko ilgis 13cm, rankenos ilgis 25cm.<\/li>\n<\/ul>\n<p>Po \u017eaidimo rekomenduojame i\u0161d\u017eiovinti ir prie\u0161 \u017eaidim\u0105 i\u0161\u0161ukuoti kailiuk\u0105. Taip \u017eaislas v\u0117l atsinaujins ir pa\u0161alinsit atsipalaidavus\u012f kailiuk\u0105.<br \/>\nSkalbti galima iki 30 laipsni\u0173 temperat\u016broje.<\/p>\n<p>Pagaminta Lietuvoje<\/p>\n","protected":false},"excerpt":{"rendered":"<p>Trumpas \u017eaislas su kailiuku puikiai tinka ne tik treniruot\u0117ms, bet ir netik\u0117tiems \u0161uns paskatinimams pasivaik\u0161\u010diojimo metu, nes puikiai telpa net&hellip;<\/p>\n","protected":false},"featured_media":7215,"comment_status":"open","ping_status":"closed","template":"","meta":[],"pwb-brand":[504],"product_cat":[33],"product_tag":[],"class_list":{"0":"post-7214","1":"product","2":"type-product","3":"status-publish","4":"has-post-thumbnail","6":"pwb-brand-rumla","7":"product_cat-zaislai","8":"tm-no-options","10":"first","11":"instock","12":"purchasable","13":"product-type-simple"},"brands":[{"id":504,"name":"Rumla","slug":"rumla"}],"_links":{"self":[{"href":"https:\/\/dogsofklaipeda.com\/index.php\/wp-json\/wp\/v2\/product\/7214","targetHints":{"allow":["GET"]}}],"collection":[{"href":"https:\/\/dogsofklaipeda.com\/index.php\/wp-json\/wp\/v2\/product"}],"about":[{"href":"https:\/\/dogsofklaipeda.com\/index.php\/wp-json\/wp\/v2\/types\/product"}],"replies":[{"embeddable":true,"href":"https:\/\/dogsofklaipeda.com\/index.php\/wp-json\/wp\/v2\/comments?post=7214"}],"wp:featuredmedia":[{"embeddable":true,"href":"https:\/\/dogsofklaipeda.com\/index.php\/wp-json\/wp\/v2\/media\/7215"}],"wp:attachment":[{"href":"https:\/\/dogsofklaipeda.com\/index.php\/wp-json\/wp\/v2\/media?parent=7214"}],"wp:term":[{"taxonomy":"pwb-brand","embeddable":true,"href":"https:\/\/dogsofklaipeda.com\/index.php\/wp-json\/wp\/v2\/pwb-brand?post=7214"},{"taxonomy":"product_cat","embeddable":true,"href":"https:\/\/dogsofklaipeda.com\/index.php\/wp-json\/wp\/v2\/product_cat?post=7214"},{"taxonomy":"product_tag","embeddable":true,"href":"https:\/\/dogsofklaipeda.com\/index.php\/wp-json\/wp\/v2\/product_tag?post=7214"}],"curies":[{"name":"wp","href":"https:\/\/api.w.org\/{rel}","templated":true}]}}