{"id":7425,"date":"2024-10-04T06:46:18","date_gmt":"2024-10-04T06:46:18","guid":{"rendered":"https:\/\/dogsofklaipeda.com\/?post_type=product&#038;p=7425"},"modified":"2024-10-14T10:10:21","modified_gmt":"2024-10-14T10:10:21","slug":"rumla-juosmens-krepselis-skanestine","status":"publish","type":"product","link":"https:\/\/dogsofklaipeda.com\/index.php\/product\/rumla-juosmens-krepselis-skanestine\/","title":{"rendered":"&#8220;Rumla&#8221; juosmens krep\u0161elis &#8211; skan\u0117stin\u0117"},"content":{"rendered":"<p>Rank\u0173 darbo juosmens krep\u0161elis \u2013 skanestin\u0117 \u012f kur\u012f tilps ne tik skan\u0117stai, bet ir mobilus telefonas, raktai ir \u017eaislai!<\/p>\n<ul>\n<li>Didysis skyrius turi papildom\u0105 stor\u0105 vandeniui atspar\u0173 sluoksn\u012f \u012f kur\u012f gal\u0117site d\u0117ti \u0161lapesnius skan\u0117sus (pvz.: m\u0117s\u0105);<\/li>\n<li>Viduriniame skyriuje (priekyje) puikiai telpa mobilusis telefonas;<\/li>\n<li>Ma\u017eiausiame skyriuje (priekyje) telpa ma\u017eesni j\u016bs\u0173 m\u0117giami pasiimti daiktai (pvz.: raktai, ausin\u0117s);<\/li>\n<li>\u017diedukas priekyje yra skirtas pasikabinti k\u0105 norite (pvz.: sulankstom\u0105 duben\u0117l\u012f ar mai\u0161eli\u0173 laikikl\u012f)<\/li>\n<li>Dir\u017eo did\u017eiausia apimtis apie 1,15m.<\/li>\n<\/ul>\n<p>Krep\u0161el\u012f skalbti rekomenduojame rankomis, kad i\u0161saugoti vandeniui nelaid\u017eias funkcijas.<\/p>\n<p>Krep\u0161eliai yra gaminami rankomis, tod\u0117l jei J\u016bs\u0173 pasirinktos spalvos netur\u0117sime vietoje, gamyba gali u\u017etrukti 15-30 darbo dien\u0173.<\/p>\n","protected":false},"excerpt":{"rendered":"<p>Rank\u0173 darbo juosmens krep\u0161elis \u2013 skanestin\u0117 \u012f kur\u012f tilps ne tik skan\u0117stai, bet ir mobilus telefonas, raktai ir \u017eaislai! Didysis&hellip;<\/p>\n","protected":false},"featured_media":7459,"comment_status":"open","ping_status":"closed","template":"","meta":[],"pwb-brand":[504],"product_cat":[17,32,544],"product_tag":[],"class_list":{"0":"post-7425","1":"product","2":"type-product","3":"status-publish","4":"has-post-thumbnail","6":"pwb-brand-rumla","7":"product_cat-dresuros-reikmenys","8":"product_cat-aksesuarai","9":"product_cat-aksesuarai-rumla","10":"tm-has-options","12":"first","13":"onbackorder","14":"purchasable","15":"product-type-simple"},"brands":[{"id":504,"name":"Rumla","slug":"rumla"}],"_links":{"self":[{"href":"https:\/\/dogsofklaipeda.com\/index.php\/wp-json\/wp\/v2\/product\/7425","targetHints":{"allow":["GET"]}}],"collection":[{"href":"https:\/\/dogsofklaipeda.com\/index.php\/wp-json\/wp\/v2\/product"}],"about":[{"href":"https:\/\/dogsofklaipeda.com\/index.php\/wp-json\/wp\/v2\/types\/product"}],"replies":[{"embeddable":true,"href":"https:\/\/dogsofklaipeda.com\/index.php\/wp-json\/wp\/v2\/comments?post=7425"}],"wp:featuredmedia":[{"embeddable":true,"href":"https:\/\/dogsofklaipeda.com\/index.php\/wp-json\/wp\/v2\/media\/7459"}],"wp:attachment":[{"href":"https:\/\/dogsofklaipeda.com\/index.php\/wp-json\/wp\/v2\/media?parent=7425"}],"wp:term":[{"taxonomy":"pwb-brand","embeddable":true,"href":"https:\/\/dogsofklaipeda.com\/index.php\/wp-json\/wp\/v2\/pwb-brand?post=7425"},{"taxonomy":"product_cat","embeddable":true,"href":"https:\/\/dogsofklaipeda.com\/index.php\/wp-json\/wp\/v2\/product_cat?post=7425"},{"taxonomy":"product_tag","embeddable":true,"href":"https:\/\/dogsofklaipeda.com\/index.php\/wp-json\/wp\/v2\/product_tag?post=7425"}],"curies":[{"name":"wp","href":"https:\/\/api.w.org\/{rel}","templated":true}]}}